-94013 = -30*c - 11*c. What is the remainder when c is divided by 51?
49
Let d = 4624 + -4315. What is the remainder when d is divided by 46?
33
Suppose -3*o + 890 = 2*o - 5*r, -4*r = -2*o + 366. Let q = 203251 - 203246. Calculate the remainder when o is divided by q.
3
Suppose 195*a = 226*a - 1674. What is the remainder when a is divided by 19?
16
Calculate the remainder when 950 is divided by ((-2148)/(-48) - 3)/(((-33)/(-12))/11).
115
Let t(m) = -79*m - 1186. Calculate the remainder when t(-26) is divided by 8.
4
Let l(d) = 4*d**2 - 6*d - 16. What is the remainder when 449 is divided by l(6)?
81
Suppose 4*a - 2394 = -5*h + 7*h, 4*a - h - 2387 = 0. Calculate the remainder when a is divided by 169.
88
Let s be 4/(-7) + (-109270)/(-343). Let t = s - 166. What is the remainder when t is divided by 13?
9
Suppose 17*t - 18*t + 32 = 0. Let y = -31 + t. Suppose -5*j + 2*o = -74, y = o + 3. What is the remainder when 95 is divided by j?
11
Let a(o) = 12*o - o + 9*o - 212 + 2*o + 69. What is the remainder when 61 is divided by a(7)?
6
Suppose 58*f = 204 + 898. Calculate the remainder when 300 is divided by f.
15
Let m(i) = 1 - 9 + 13*i + 0 - 13*i - 4*i. Let v = -33 + 10. What is the remainder when m(v) is divided by 44?
40
Suppose 3*z - 18834 = 679*f - 683*f, 4*f + z = 18838. Calculate the remainder when f is divided by 124.
122
Suppose 18*z = 2512 + 1070. What is the remainder when 805 is divided by z?
9
Suppose -21*s + 1211 = 350. Let u = -10 + 12. Suppose 7*w - 815 = u*w. What is the remainder when w is divided by s?
40
Let r = -10788 + 10803. Calculate the remainder when 3836 is divided by r.
11
Let q(x) = x**2 - 66*x - 895. Calculate the remainder when 1448 is divided by q(-13).
128
Let s = 58 + -41. Suppose -17*r - 92 - 1557 = 0. Let t = r - -129. Calculate the remainder when t is divided by s.
15
Suppose -668 = -5*s + 67. Suppose -4708*t + 4748*t = 560. Calculate the remainder when s is divided by t.
7
Let p(n) be the first derivative of -23*n**2/2 + 2*n - 3. Let o be p(3). Let b = o + 124. What is the remainder when b is divided by 16?
9
Let o(r) = -7*r**2 + 8*r + 6056. Calculate the remainder when o(0) is divided by 13.
11
Suppose -30*n + 134*n = 36816. What is the remainder when n is divided by 53?
36
Let w(y) = -66*y + 2. Let k(j) = j**2 - 960*j - 21575. Calculate the remainder when w(-3) is divided by k(-22).
26
Suppose 4 = 4*k + 8, 2*p + 3*k = 41. Suppose -p - 32 = -6*o. Calculate the remainder when 30 is divided by o.
3
Suppose 0 = 3*h - 15 + 9. What is the remainder when (-5*5/(-75))/(h/2622) is divided by 20?
17
Suppose x + 41*p - 38*p - 51 = 0, -2*x + 5*p + 47 = 0. Calculate the remainder when 357 is divided by x.
33
What is the remainder when 2185 is divided by 312 + 3 - (77/(-11))/(-7)?
301
Let q(n) = -20 - n + 23 - 2*n + 2*n + 16. Calculate the remainder when 69 is divided by q(-7).
17
Suppose -9*x - 33*x + 1230 = -x. Calculate the remainder when 2788 is divided by x.
28
Let j(i) = -8*i**3 - 59*i**2 - i - 116. What is the remainder when j(-9) is divided by 53?
45
Suppose -k + 14*c - 19*c + 46 = 0, 5*k - 95 = 2*c. What is the remainder when 894 is divided by k?
12
Let p(w) = -4*w**3 + 2*w**2 - 6*w + 9. What is the remainder when p(-4) is divided by 58?
31
Let x = 13942 + -13134. Calculate the remainder when x is divided by 48.
40
Let n be (30/40)/((-84)/(-16) + -5). Suppose 16*g - 370 = -n*q + 12*g, 4*q = -2*g + 500. What is the remainder when q is divided by 58?
10
Let u = -43 + 47. Suppose 0 = -u*f - 3*b + 206, -4*b + 236 + 22 = 5*f. What is the remainder when 346 is divided by f?
46
Let y(j) = -j + 231. What is the remainder when y(25) is divided by 62?
20
Suppose 0 = 10*l - 560 + 110. What is the remainder when l is divided by -1 + 15 + -7 + (2 - -3)?
9
Let y(f) = 2919*f + 5849. Let j = 18 + 7. Suppose 4*b + b - j = 0. What is the remainder when y(-2) is divided by b?
1
Let b = -45 + 48. Suppose 3*a - a = 5*z - 141, b*z + 4*a = 95. Calculate the remainder when z is divided by (1 + (-4)/8)*12.
5
Let d = 107 - 47. Let x = 73 - d. What is the remainder when 31 is divided by x?
5
Suppose 65 = 5*c + 5*u, 0 = -0*c + 4*c + 3*u - 57. Let h be (c/(-15))/(-3) - (-1827)/45. Let t = h - 35. What is the remainder when 45 is divided by t?
3
Suppose -46*w = -44*w + 188. Let t = 129 + w. What is the remainder when 6*(6695/30)/13 is divided by t?
33
Let d(f) = -2*f - 6. Let h be d(11). Let b = h + 34. Suppose -19*n + 14*n = -40. Calculate the remainder when n is divided by b.
2
Let x(n) = 27*n - 1974. What is the remainder when x(86) is divided by 100?
48
Suppose 72 = 3*f + 2*i - 11, -f - i + 27 = 0. Let o = 61 - f. Calculate the remainder when o is divided by 17.
15
Let j(g) = -g**2 + 11*g + 60. Let m be j(-4). What is the remainder when 152/(2 - m) - 52/13 is divided by 42?
30
Let n(z) = -2*z**2 - 31*z - 5. Calculate the remainder when (70/20 + -11)*340/(-3) is divided by n(-14).
36
Let w(s) = 10*s**2 - 2*s. Let v be w(2). Let p = -43 + v. Let g(k) = k**3 + 6*k**2 - 10*k - 9. Calculate the remainder when 21 is divided by g(p).
9
Let w(i) = 4*i**3 + 4*i**2 - 4*i. What is the remainder when w(3) is divided by 16*2/4*4 + -4 + 0?
20
Suppose 0 = 2*n - 3*t + 8*t + 493, 3*t = -4*n - 1007. Let k = n + 268. Calculate the remainder when k is divided by 14.
0
Let f(u) = -u - 51072 + 51310 - 12*u. What is the remainder when f(12) is divided by 73?
9
Suppose -10*i = -2 - 28. Suppose 0 = -i*f + 3, o - 35 = -5*f + 101. Calculate the remainder when o is divided by 19.
17
Suppose -4*u = -4*z + 16, 4*z + 2*u - 7 = -3. Suppose 5*t - 5*f - 962 = 663, -652 = -z*t + 3*f. What is the remainder when t is divided by 12?
11
Let d(s) = -s + 15. Let u be d(7). Let m(y) = 5*y + 8. Let i be m(u). Suppose 2*r = 6*r - i. Calculate the remainder when 33 is divided by r.
9
Suppose -42*g = -57*g - 27*g + 9030. What is the remainder when 461 is divided by g?
31
Let g = -1948 + 1964. Calculate the remainder when 561 is divided by g.
1
Suppose -5*f = -2*p + 3381, 5*p + 23*f - 18*f - 8470 = 0. What is the remainder when p is divided by 114?
97
Let v = 24 + 401. What is the remainder when v is divided by 11?
7
What is the remainder when 17884 is divided by (-49)/(490/220)*-1?
20
Let d = -64 + 69. Calculate the remainder when (-9)/45 + 782/10 is divided by d.
3
Let h = 3469 + -3045. What is the remainder when h is divided by 54?
46
Suppose -4*l = -5*l + 98. Let u be (0 + -1)*48/4. What is the remainder when l is divided by ((-75)/6)/(6/u)?
23
Suppose 6*b = 22*b - 3392. Suppose -3*s - 209 = -4*v, 2*v + 4*s = 6*v - b. Calculate the remainder when 196 is divided by v.
46
Let n = 111 - 28. What is the remainder when 687 is divided by n?
23
Let p = -11 + 13. Suppose p*n = 7*n - 170. Let v = 747 + -738. What is the remainder when n is divided by v?
7
Let a = 200 + -159. Let q(m) = 4*m - 151. What is the remainder when 51 is divided by q(a)?
12
Let s(g) = 26*g**3 + 2*g**2 - 4*g + 3. Let p be s(2). Suppose -44*m = -21*m - 7360. Let t = m - p. What is the remainder when t is divided by 28?
25
Suppose 129*u - 2147 - 1544 = -982. Calculate the remainder when 1039 is divided by u.
10
Let g(a) = 7*a**2 - 5*a + 15. Let i(z) = 12*z**2 - 11*z + 31. Let l(x) = -5*g(x) + 3*i(x). What is the remainder when 16 is divided by l(2)?
4
Let a = -3314 - -3470. Calculate the remainder when a is divided by 23.
18
Suppose 0 = -30*y + 2314 + 175 + 31. What is the remainder when 312 is divided by y?
60
Calculate the remainder when 726 is divided by 21525/231 - (2/11 - 0).
75
Let w(u) = -u**2 - 50*u - 494. What is the remainder when 453 is divided by w(-21)?
108
Suppose -4549 + 24413 = 52*w. What is the remainder when w is divided by 190?
2
Let j(f) = 6*f + 186. Let y(b) = -b**2 - 7*b - 13. Let w be y(0). Calculate the remainder when j(w) is divided by 18.
0
Let a(y) = 6*y + 40. Let o be a(-7). Let p(b) = -3*b**3 + 2*b**2 + b - 1. What is the remainder when p(o) is divided by 15?
14
Let u be 4*2 - 18/30*5. Suppose 0 = -u*a - 26 + 16. Calculate the remainder when 2526/42 - -7 - a/(-14) is divided by 18.
13
What is the remainder when 534 is divided by 12489/92 - 14/8?
132
Calculate the remainder when 417 is divided by 4*39/(-260) - (-2132)/20.
99
Suppose -6 = 8*f - 22. Let r(b) = -f + 7*b**2 + 10 + 5*b - 3*b**3